{"id":44,"date":"2017-11-22T12:17:00","date_gmt":"2017-11-22T11:17:00","guid":{"rendered":"https:\/\/cretesetvallees.fr\/?page_id=44"},"modified":"2025-12-08T17:11:14","modified_gmt":"2025-12-08T16:11:14","slug":"contact","status":"publish","type":"page","link":"https:\/\/www.cretesetvallees.fr\/index.php\/contact\/","title":{"rendered":"Contact"},"content":{"rendered":"\n<p class=\"has-text-align-center intro_contact\"><em>Envie de nous rejoindre ? Une question sur l&rsquo;association ? &#8230; N&rsquo;h\u00e9sitez pas \u00e0 nous contacter, nous vous r\u00e9pondrons dans les meilleurs d\u00e9lais !<\/em><\/p>\n\n\n<style id=\"wpforms-css-vars-2692-block-5b70a1c1-6699-41bc-a124-6ea1e172761f\">\n\t\t\t\t#wpforms-2692.wpforms-block-5b70a1c1-6699-41bc-a124-6ea1e172761f {\n\t\t\t\t--wpforms-field-size-input-height: 43px;\n--wpforms-field-size-input-spacing: 15px;\n--wpforms-field-size-font-size: 16px;\n--wpforms-field-size-line-height: 19px;\n--wpforms-field-size-padding-h: 14px;\n--wpforms-field-size-checkbox-size: 16px;\n--wpforms-field-size-sublabel-spacing: 5px;\n--wpforms-field-size-icon-size: 1;\n--wpforms-label-size-font-size: 16px;\n--wpforms-label-size-line-height: 19px;\n--wpforms-label-size-sublabel-font-size: 14px;\n--wpforms-label-size-sublabel-line-height: 17px;\n--wpforms-button-size-font-size: 17px;\n--wpforms-button-size-height: 41px;\n--wpforms-button-size-padding-h: 15px;\n--wpforms-button-size-margin-top: 10px;\n\t\t\t}\n\t\t\t<\/style><div class=\"wpforms-container wpforms-container-full wpforms-block wpforms-block-5b70a1c1-6699-41bc-a124-6ea1e172761f wpforms-render-modern\" id=\"wpforms-2692\"><form id=\"wpforms-form-2692\" class=\"wpforms-validate wpforms-form wpforms-ajax-form\" data-formid=\"2692\" method=\"post\" enctype=\"multipart\/form-data\" action=\"\/index.php\/wp-json\/wp\/v2\/pages\/44\" data-token=\"30111478155eaff3473d291e0ba8c463\" data-token-time=\"1778251542\"><noscript class=\"wpforms-error-noscript\">Veuillez activer JavaScript dans votre navigateur pour remplir ce formulaire.<\/noscript><div id=\"wpforms-error-noscript\" style=\"display: none;\">Veuillez activer JavaScript dans votre navigateur pour remplir ce formulaire.<\/div><div class=\"wpforms-field-container\"><div id=\"wpforms-2692-field_1-container\" class=\"wpforms-field wpforms-field-name wpf-center\" data-field-id=\"1\"><fieldset><legend class=\"wpforms-field-label\">Nom <span class=\"wpforms-required-label\" aria-hidden=\"true\">*<\/span><\/legend><div class=\"wpforms-field-row wpforms-field-medium\"><div class=\"wpforms-field-row-block wpforms-first wpforms-one-half\"><input type=\"text\" id=\"wpforms-2692-field_1\" class=\"wpforms-field-name-first wpforms-field-required\" name=\"wpforms[fields][1][first]\" placeholder=\"Pr\u00e9nom\" aria-errormessage=\"wpforms-2692-field_1-error\" required><label for=\"wpforms-2692-field_1\" class=\"wpforms-field-sublabel after wpforms-sublabel-hide\">Pr\u00e9nom<\/label><\/div><div class=\"wpforms-field-row-block wpforms-one-half\"><input type=\"text\" id=\"wpforms-2692-field_1-last\" class=\"wpforms-field-name-last wpforms-field-required\" name=\"wpforms[fields][1][last]\" placeholder=\"Nom\" aria-errormessage=\"wpforms-2692-field_1-last-error\" required><label for=\"wpforms-2692-field_1-last\" class=\"wpforms-field-sublabel after wpforms-sublabel-hide\">Nom<\/label><\/div><\/div><\/fieldset><\/div>\t\t<div id=\"wpforms-2692-field_5-container\"\n\t\t\tclass=\"wpforms-field wpforms-field-text\"\n\t\t\tdata-field-type=\"text\"\n\t\t\tdata-field-id=\"5\"\n\t\t\t>\n\t\t\t<label class=\"wpforms-field-label\" for=\"wpforms-2692-field_5\" >E-mail Objet Message<\/label>\n\t\t\t<input type=\"text\" id=\"wpforms-2692-field_5\" class=\"wpforms-field-medium\" name=\"wpforms[fields][5]\" >\n\t\t<\/div>\n\t\t<div id=\"wpforms-2692-field_2-container\" class=\"wpforms-field wpforms-field-email wpf-center\" data-field-id=\"2\"><label class=\"wpforms-field-label\" for=\"wpforms-2692-field_2\">E-mail <span class=\"wpforms-required-label\" aria-hidden=\"true\">*<\/span><\/label><input type=\"email\" id=\"wpforms-2692-field_2\" class=\"wpforms-field-medium wpforms-field-required\" name=\"wpforms[fields][2]\" spellcheck=\"false\" aria-errormessage=\"wpforms-2692-field_2-error\" required><\/div><div id=\"wpforms-2692-field_3-container\" class=\"wpforms-field wpforms-field-text wpf-center\" data-field-id=\"3\"><label class=\"wpforms-field-label\" for=\"wpforms-2692-field_3\">Objet<\/label><input type=\"text\" id=\"wpforms-2692-field_3\" class=\"wpforms-field-medium\" name=\"wpforms[fields][3]\" aria-errormessage=\"wpforms-2692-field_3-error\" ><\/div><div id=\"wpforms-2692-field_4-container\" class=\"wpforms-field wpforms-field-textarea wpf-center\" data-field-id=\"4\"><label class=\"wpforms-field-label\" for=\"wpforms-2692-field_4\">Message<\/label><textarea id=\"wpforms-2692-field_4\" class=\"wpforms-field-medium\" name=\"wpforms[fields][4]\" aria-errormessage=\"wpforms-2692-field_4-error\" ><\/textarea><\/div><script>\n\t\t\t\t( function() {\n\t\t\t\t\tconst style = document.createElement( 'style' );\n\t\t\t\t\tstyle.appendChild( document.createTextNode( '#wpforms-2692-field_5-container { position: absolute !important; overflow: hidden !important; display: inline !important; height: 1px !important; width: 1px !important; z-index: -1000 !important; padding: 0 !important; } #wpforms-2692-field_5-container input { visibility: hidden; } #wpforms-conversational-form-page #wpforms-2692-field_5-container label { counter-increment: none; }' ) );\n\t\t\t\t\tdocument.head.appendChild( style );\n\t\t\t\t\tdocument.currentScript?.remove();\n\t\t\t\t} )();\n\t\t\t<\/script><\/div><!-- .wpforms-field-container --><div class=\"wpforms-recaptcha-container wpforms-is-recaptcha wpforms-is-recaptcha-type-v3\" ><input type=\"hidden\" name=\"wpforms[recaptcha]\" value=\"\"><\/div><div class=\"wpforms-submit-container\" ><input type=\"hidden\" name=\"wpforms[id]\" value=\"2692\"><input type=\"hidden\" name=\"page_title\" value=\"\"><input type=\"hidden\" name=\"page_url\" value=\"https:\/\/www.cretesetvallees.fr\/index.php\/wp-json\/wp\/v2\/pages\/44\"><input type=\"hidden\" name=\"url_referer\" value=\"\"><button type=\"submit\" name=\"wpforms[submit]\" id=\"wpforms-submit-2692\" class=\"wpforms-submit\" data-alt-text=\"Envoi...\" data-submit-text=\"Envoyer\" aria-live=\"assertive\" value=\"wpforms-submit\">Envoyer<\/button><img loading=\"lazy\" decoding=\"async\" src=\"https:\/\/www.cretesetvallees.fr\/wp-content\/plugins\/wpforms-lite\/assets\/images\/submit-spin.svg\" class=\"wpforms-submit-spinner\" style=\"display: none;\" width=\"26\" height=\"26\" alt=\"Chargement en cours\"><\/div><\/form><\/div>  <!-- .wpforms-container -->\n\n<div class=\"wp-block-image\">\n<figure class=\"aligncenter size-full\"><img loading=\"lazy\" decoding=\"async\" width=\"290\" height=\"208\" src=\"https:\/\/cretesetvallees.fr\/wp-content\/uploads\/2024\/08\/Rectangle-8.jpg\" alt=\"\" class=\"wp-image-2710\"\/><\/figure>\n<\/div>","protected":false},"excerpt":{"rendered":"<p>Envie de nous rejoindre ? Une question sur l&rsquo;association ? &#8230; N&rsquo;h\u00e9sitez pas \u00e0 nous contacter, nous vous r\u00e9pondrons dans les meilleurs d\u00e9lais !<\/p>\n","protected":false},"author":1,"featured_media":0,"parent":0,"menu_order":0,"comment_status":"closed","ping_status":"closed","template":"template-fullwidth.php","meta":{"_uag_custom_page_level_css":".has-text-align-center {\ntext-align:center!important;\n}\n.wpforms-field-container .wpf-center{\n\tpadding-left: 0!important;\n}\n.wpf-center {\n\tmargin-left:auto!important;\n\tmargin-right:auto!important;\n}\n#wpforms-2692 {\nbackground-color: rgba(163, 198, 81, 0.7);\npadding: 1em;\nwidth : 67%;\nborder: 0.2em solid rgb(55,99,63);\n}\n.wpforms-field-row {\nmax-width: 100%!important;\n}\n\n.wpforms-submit-container{\n\ttext-align: center;\n}\n#wpforms-submit-2692 {\n\tbackground-color: #37633F;\n}\n#wpforms-submit-2692:hover {\nbackground-color: #B84446!important;\n}\n@media screen (max-width : 750 px) {\n#wpforms-2692 {\nwidth : 80%!important;\n}\n\n}","_monsterinsights_skip_tracking":false,"_monsterinsights_sitenote_active":false,"_monsterinsights_sitenote_note":"","_monsterinsights_sitenote_category":0,"_EventAllDay":false,"_EventTimezone":"","_EventStartDate":"","_EventEndDate":"","_EventStartDateUTC":"","_EventEndDateUTC":"","_EventShowMap":false,"_EventShowMapLink":false,"_EventURL":"","_EventCost":"","_EventCostDescription":"","_EventCurrencySymbol":"","_EventCurrencyCode":"","_EventCurrencyPosition":"","_EventDateTimeSeparator":"","_EventTimeRangeSeparator":"","_EventOrganizerID":[],"_EventVenueID":[],"_OrganizerEmail":"","_OrganizerPhone":"","_OrganizerWebsite":"","_VenueAddress":"","_VenueCity":"","_VenueCountry":"","_VenueProvince":"","_VenueState":"","_VenueZip":"","_VenuePhone":"","_VenueURL":"","_VenueStateProvince":"","_VenueLat":"","_VenueLng":"","_VenueShowMap":false,"_VenueShowMapLink":false,"footnotes":""},"class_list":["post-44","page","type-page","status-publish","hentry","post-preview"],"yoast_head":"<!-- This site is optimized with the Yoast SEO plugin v27.5 - https:\/\/yoast.com\/product\/yoast-seo-wordpress\/ -->\n<title>Contact - Cr\u00eates et Vall\u00e9es<\/title>\n<meta name=\"robots\" content=\"index, follow, max-snippet:-1, max-image-preview:large, max-video-preview:-1\" \/>\n<link rel=\"canonical\" href=\"https:\/\/cretesetvallees.fr\/index.php\/contact\/\" \/>\n<meta property=\"og:locale\" content=\"fr_FR\" \/>\n<meta property=\"og:type\" content=\"article\" \/>\n<meta property=\"og:title\" content=\"Contact - Cr\u00eates et Vall\u00e9es\" \/>\n<meta property=\"og:description\" content=\"Envie de nous rejoindre ? Une question sur l&rsquo;association ? &#8230; N&rsquo;h\u00e9sitez pas \u00e0 nous contacter, nous vous r\u00e9pondrons dans les meilleurs d\u00e9lais !\" \/>\n<meta property=\"og:url\" content=\"https:\/\/cretesetvallees.fr\/index.php\/contact\/\" \/>\n<meta property=\"og:site_name\" content=\"Cr\u00eates et Vall\u00e9es\" \/>\n<meta property=\"article:modified_time\" content=\"2025-12-08T16:11:14+00:00\" \/>\n<meta property=\"og:image\" content=\"https:\/\/cretesetvallees.fr\/wp-content\/uploads\/2024\/08\/Rectangle-8.jpg\" \/>\n<meta name=\"twitter:card\" content=\"summary_large_image\" \/>\n<meta name=\"twitter:label1\" content=\"Dur\u00e9e de lecture estim\u00e9e\" \/>\n\t<meta name=\"twitter:data1\" content=\"1 minute\" \/>\n<script type=\"application\/ld+json\" class=\"yoast-schema-graph\">{\"@context\":\"https:\\\/\\\/schema.org\",\"@graph\":[{\"@type\":\"WebPage\",\"@id\":\"https:\\\/\\\/cretesetvallees.fr\\\/index.php\\\/contact\\\/\",\"url\":\"https:\\\/\\\/cretesetvallees.fr\\\/index.php\\\/contact\\\/\",\"name\":\"Contact - Cr\u00eates et Vall\u00e9es\",\"isPartOf\":{\"@id\":\"https:\\\/\\\/cretesetvallees.fr\\\/#website\"},\"primaryImageOfPage\":{\"@id\":\"https:\\\/\\\/cretesetvallees.fr\\\/index.php\\\/contact\\\/#primaryimage\"},\"image\":{\"@id\":\"https:\\\/\\\/cretesetvallees.fr\\\/index.php\\\/contact\\\/#primaryimage\"},\"thumbnailUrl\":\"https:\\\/\\\/cretesetvallees.fr\\\/wp-content\\\/uploads\\\/2024\\\/08\\\/Rectangle-8.jpg\",\"datePublished\":\"2017-11-22T11:17:00+00:00\",\"dateModified\":\"2025-12-08T16:11:14+00:00\",\"breadcrumb\":{\"@id\":\"https:\\\/\\\/cretesetvallees.fr\\\/index.php\\\/contact\\\/#breadcrumb\"},\"inLanguage\":\"fr-FR\",\"potentialAction\":[{\"@type\":\"ReadAction\",\"target\":[\"https:\\\/\\\/cretesetvallees.fr\\\/index.php\\\/contact\\\/\"]}]},{\"@type\":\"ImageObject\",\"inLanguage\":\"fr-FR\",\"@id\":\"https:\\\/\\\/cretesetvallees.fr\\\/index.php\\\/contact\\\/#primaryimage\",\"url\":\"https:\\\/\\\/cretesetvallees.fr\\\/wp-content\\\/uploads\\\/2024\\\/08\\\/Rectangle-8.jpg\",\"contentUrl\":\"https:\\\/\\\/cretesetvallees.fr\\\/wp-content\\\/uploads\\\/2024\\\/08\\\/Rectangle-8.jpg\"},{\"@type\":\"BreadcrumbList\",\"@id\":\"https:\\\/\\\/cretesetvallees.fr\\\/index.php\\\/contact\\\/#breadcrumb\",\"itemListElement\":[{\"@type\":\"ListItem\",\"position\":1,\"name\":\"Accueil\",\"item\":\"https:\\\/\\\/cretesetvallees.fr\\\/\"},{\"@type\":\"ListItem\",\"position\":2,\"name\":\"Contact\"}]},{\"@type\":\"WebSite\",\"@id\":\"https:\\\/\\\/cretesetvallees.fr\\\/#website\",\"url\":\"https:\\\/\\\/cretesetvallees.fr\\\/\",\"name\":\"Cr\u00eates et Vall\u00e9es\",\"description\":\"\",\"potentialAction\":[{\"@type\":\"SearchAction\",\"target\":{\"@type\":\"EntryPoint\",\"urlTemplate\":\"https:\\\/\\\/cretesetvallees.fr\\\/?s={search_term_string}\"},\"query-input\":{\"@type\":\"PropertyValueSpecification\",\"valueRequired\":true,\"valueName\":\"search_term_string\"}}],\"inLanguage\":\"fr-FR\"}]}<\/script>\n<!-- \/ Yoast SEO plugin. -->","yoast_head_json":{"title":"Contact - Cr\u00eates et Vall\u00e9es","robots":{"index":"index","follow":"follow","max-snippet":"max-snippet:-1","max-image-preview":"max-image-preview:large","max-video-preview":"max-video-preview:-1"},"canonical":"https:\/\/cretesetvallees.fr\/index.php\/contact\/","og_locale":"fr_FR","og_type":"article","og_title":"Contact - Cr\u00eates et Vall\u00e9es","og_description":"Envie de nous rejoindre ? Une question sur l&rsquo;association ? &#8230; N&rsquo;h\u00e9sitez pas \u00e0 nous contacter, nous vous r\u00e9pondrons dans les meilleurs d\u00e9lais !","og_url":"https:\/\/cretesetvallees.fr\/index.php\/contact\/","og_site_name":"Cr\u00eates et Vall\u00e9es","article_modified_time":"2025-12-08T16:11:14+00:00","og_image":[{"url":"https:\/\/cretesetvallees.fr\/wp-content\/uploads\/2024\/08\/Rectangle-8.jpg","type":"","width":"","height":""}],"twitter_card":"summary_large_image","twitter_misc":{"Dur\u00e9e de lecture estim\u00e9e":"1 minute"},"schema":{"@context":"https:\/\/schema.org","@graph":[{"@type":"WebPage","@id":"https:\/\/cretesetvallees.fr\/index.php\/contact\/","url":"https:\/\/cretesetvallees.fr\/index.php\/contact\/","name":"Contact - Cr\u00eates et Vall\u00e9es","isPartOf":{"@id":"https:\/\/cretesetvallees.fr\/#website"},"primaryImageOfPage":{"@id":"https:\/\/cretesetvallees.fr\/index.php\/contact\/#primaryimage"},"image":{"@id":"https:\/\/cretesetvallees.fr\/index.php\/contact\/#primaryimage"},"thumbnailUrl":"https:\/\/cretesetvallees.fr\/wp-content\/uploads\/2024\/08\/Rectangle-8.jpg","datePublished":"2017-11-22T11:17:00+00:00","dateModified":"2025-12-08T16:11:14+00:00","breadcrumb":{"@id":"https:\/\/cretesetvallees.fr\/index.php\/contact\/#breadcrumb"},"inLanguage":"fr-FR","potentialAction":[{"@type":"ReadAction","target":["https:\/\/cretesetvallees.fr\/index.php\/contact\/"]}]},{"@type":"ImageObject","inLanguage":"fr-FR","@id":"https:\/\/cretesetvallees.fr\/index.php\/contact\/#primaryimage","url":"https:\/\/cretesetvallees.fr\/wp-content\/uploads\/2024\/08\/Rectangle-8.jpg","contentUrl":"https:\/\/cretesetvallees.fr\/wp-content\/uploads\/2024\/08\/Rectangle-8.jpg"},{"@type":"BreadcrumbList","@id":"https:\/\/cretesetvallees.fr\/index.php\/contact\/#breadcrumb","itemListElement":[{"@type":"ListItem","position":1,"name":"Accueil","item":"https:\/\/cretesetvallees.fr\/"},{"@type":"ListItem","position":2,"name":"Contact"}]},{"@type":"WebSite","@id":"https:\/\/cretesetvallees.fr\/#website","url":"https:\/\/cretesetvallees.fr\/","name":"Cr\u00eates et Vall\u00e9es","description":"","potentialAction":[{"@type":"SearchAction","target":{"@type":"EntryPoint","urlTemplate":"https:\/\/cretesetvallees.fr\/?s={search_term_string}"},"query-input":{"@type":"PropertyValueSpecification","valueRequired":true,"valueName":"search_term_string"}}],"inLanguage":"fr-FR"}]}},"uagb_featured_image_src":{"full":false,"thumbnail":false,"medium":false,"medium_large":false,"large":false,"1536x1536":false,"2048x2048":false,"post-image":false},"uagb_author_info":{"display_name":"R\u00e9gis","author_link":"https:\/\/www.cretesetvallees.fr\/index.php\/author\/root\/"},"uagb_comment_info":0,"uagb_excerpt":"Envie de nous rejoindre ? Une question sur l&rsquo;association ? &#8230; N&rsquo;h\u00e9sitez pas \u00e0 nous contacter, nous vous r\u00e9pondrons dans les meilleurs d\u00e9lais !","_links":{"self":[{"href":"https:\/\/www.cretesetvallees.fr\/index.php\/wp-json\/wp\/v2\/pages\/44","targetHints":{"allow":["GET"]}}],"collection":[{"href":"https:\/\/www.cretesetvallees.fr\/index.php\/wp-json\/wp\/v2\/pages"}],"about":[{"href":"https:\/\/www.cretesetvallees.fr\/index.php\/wp-json\/wp\/v2\/types\/page"}],"author":[{"embeddable":true,"href":"https:\/\/www.cretesetvallees.fr\/index.php\/wp-json\/wp\/v2\/users\/1"}],"replies":[{"embeddable":true,"href":"https:\/\/www.cretesetvallees.fr\/index.php\/wp-json\/wp\/v2\/comments?post=44"}],"version-history":[{"count":52,"href":"https:\/\/www.cretesetvallees.fr\/index.php\/wp-json\/wp\/v2\/pages\/44\/revisions"}],"predecessor-version":[{"id":5654,"href":"https:\/\/www.cretesetvallees.fr\/index.php\/wp-json\/wp\/v2\/pages\/44\/revisions\/5654"}],"wp:attachment":[{"href":"https:\/\/www.cretesetvallees.fr\/index.php\/wp-json\/wp\/v2\/media?parent=44"}],"curies":[{"name":"wp","href":"https:\/\/api.w.org\/{rel}","templated":true}]}}